 + 4/3*p**3 + 1/20*p**5 + 7/12*p**4 + 0. Calculate b(-6).
-9
Let a(z) be the first derivative of -z**3/3 + 4*z**2 - z - 1. Suppose 70*o = 42*o + 168. What is a(o)?
11
Let x(n) be the second derivative of -n**7/840 - n**6/120 + n**5/30 - n**4/8 - n**3/2 + 21*n. Let q(f) be the second derivative of x(f). What is q(-4)?
-3
Let i(w) = -5*w + 4. Suppose 2*v - 5*t - 13 = -2*v, 3*t = -3*v + 30. Determine i(v).
-31
Let o(q) be the second derivative of -q**7/2520 - q**6/720 + q**5/120 - q**4/6 + 9*q. Let c(r) be the third derivative of o(r). Determine c(2).
-5
Let d be -1 - (-2 - -60)/(-2). Suppose -4*m - 4*k = -d, -4*k + 2 = -3*m - 5. Let w(o) = m - o - 6 - 1 - 6. Determine w(-6).
-4
Suppose 2 - 2 = 11*p. Let j(z) be the third derivative of 0 - 1/120*z**6 - 1/12*z**5 + 2/3*z**3 + p*z - 1/24*z**4 - 3*z**2. Calculate j(-5).
9
Let z(r) = 4*r - 9. Let m be -1 + 2 + (-3 - -9 - 3). What is z(m)?
7
Let h(u) be the third derivative of 0*u + 0 + 11/12*u**4 - 37*u**2 + 1/6*u**3. Give h(-1).
-21
Let u(j) be the second derivative of -j**5/20 - j**4/12 + j**3/2 + 3*j**2/2 - 18*j. Give u(-2).
1
Let g(u) = -u. Suppose 6 = z + 13. Let j(p) = p. Let x(w) = z*g(w) - 6*j(w). Calculate x(3).
3
Let z(t) = t**3 + 14*t**2 - 15*t - 9. Suppose -4*p - 2*n - 58 = 0, 2*p - 4*p + n - 31 = 0. Give z(p).
-9
Let s(r) = -r**2 + r + 5. Let a(h) = 6*h - 9*h**2 + 5 - 11*h**2 + 21*h**2. Let b(u) = -u. Let g be b(5). Let p be a(g). Determine s(p).
5
Let y be 2/5 + 954/90. Let g be y/2 + 1/2. Let c(a) be the second derivative of -a**5/20 + 7*a**4/12 - 3*a**3/2 + 4*a**2 - 9*a. Determine c(g).
-10
Let u be (-2)/(-5) - (-16)/10. Let q(z) = -u*z + 4*z + 2 - 4*z + 5*z + z**2. Give q(-4).
6
Let i(k) = 2*k - 7. Let j be -9*1*((-284)/(-36) - 9). Determine i(j).
13
Suppose 0*i = 2*i + 5*r - 19, -3*r = -3*i - 3. Let z(n) = -3*n**i + 39*n**3 + 2*n - 40*n**3 + 8*n**2 - 3. What is z(5)?
7
Suppose c - 9*c + 32 = 0. Suppose -3*k = 2*k + 3*o + 19, 0 = -5*k - c*o - 17. Let z(q) = q**2 + 4*q - 2. What is z(k)?
3
Let l(b) = -4 - 2*b + b + 3*b. Suppose 4*j + 1 = -15. Let t be (-10)/(-2) - j/(-2). Calculate l(t).
2
Let d(t) be the second derivative of -t**6/360 - 7*t**5/120 - t**4/8 - 3*t**3/2 + 33*t. Let b(m) be the second derivative of d(m). Calculate b(-5).
7
Let r(m) = -8*m + 14. Suppose -30*a = -49*a + 57. What is r(a)?
-10
Let g(m) = 3 - 5 - 6 - 7*m**2 + 4 + 13 + m**3. Determine g(7).
9
Let n(t) = t - 2. Suppose 2*f + 3*s - 270 - 13 = 0, -3*f + 4*s = -416. Let q = f - 137. Calculate n(q).
1
Let w = 6163/37050 + 2/6175. Let x(v) be the third derivative of 0*v + 5/12*v**4 + w*v**3 + 7*v**2 + 0. What is x(1)?
11
Let a(w) = -w - 22. Let f = -1374 + 1374. Determine a(f).
-22
Let n(h) = 2*h**2 - 13*h. Let x(q) = q**2 - 9*q. Let u(f) = 5*n(f) - 8*x(f). Suppose 0 = 4*r + 18*o + 38, -4*o = 161*r - 159*r + 14. What is u(r)?
15
Suppose -125 = 3*k + c - 87, 3*k - c = -34. Let q(p) = -p - 16. Give q(k).
-4
Suppose j - 150 = -4*j. Let k = 29 - j. Let h(i) = -3*i**2 - i - 1. What is h(k)?
-3
Let b(u) be the second derivative of -1/6*u**3 + 3 + 8*u - 7/2*u**2. Calculate b(-6).
-1
Let b = 100 + -104. Let l be 4/(-18) - (b + (-291)/(-27)). Let o(a) = a**2 + 8*a - 4. What is o(l)?
-11
Let s(w) be the third derivative of w**6/40 + 2*w**2. Let x(t) = -t**2 - 1. Let r be x(0). Give s(r).
-3
Let u be (-15 - 0)*(-6)/6. Suppose 4*y = y + u. Let a(t) be the third derivative of -t**4/12 - 2*t**3/3 - 2*t**2 + 105. Give a(y).
-14
Suppose 9*b = 2*b + 2961. Let r(n) = 0*n**2 - n**2 + 427*n - b*n - 1. Determine r(4).
-1
Suppose z + 3*y = 13, -z = 2*y + 2*y - 14. Suppose z*f = 4*a + 5*f + 29, 2*a = -f - 11. Let s(i) = i**3 + 6*i**2 + 2*i. What is s(a)?
-12
Suppose g + 5*n - 10 = 0, -4*g - 4*n + 40 = n. Let y(v) = v**3 - 10*v**2 - v + 3. What is y(g)?
-7
Let r(g) = g**3 - 3*g**2 - 12*g + 2. Suppose -19*x + 30 = -14*x - j, 3*j + 20 = x. What is r(x)?
-8
Suppose 8*v = 3*v + 75. Let p = -12 + v. Let a be -4 + 1*p/(-1). Let t(c) = c + 4. Determine t(a).
-3
Let s(d) = -d**3 - 5*d**2 - 5*d - 6. Let o(b) = -3*b + 24. Let g be o(4). Suppose 4*n + 8 = -g. Calculate s(n).
19
Let g(y) = -8*y + y**2 + 6 - 1 + 6. Determine g(8).
11
Let n(d) = 5*d - 9*d + 5*d - 3*d + d - 9. Let o(v) = -10*v**3 + v - 1. Let j be o(1). Determine n(j).
1
Let m(o) = o**3 - 6*o**2 + 2*o - 11. Let t be m(6). Let r(x) = -6*x + 0 - 1 + t - 1. Let a be (1 - 3)*(-1)/(-2). Determine r(a).
5
Let f = 118 + -115. Let u(w) = -2 - w**f + w - 206*w**2 + 6 + 210*w**2. What is u(4)?
8
Let u(n) = -2*n - 10. Let k(t) = -5*t**2 + 4*t + 1. Let l be k(-1). Give u(l).
6
Let w(f) = f**3 + 2*f - 1. Let x be w(1). Suppose -x = 2*o - 14. Let l(h) be the first derivative of -h**3/3 + 2*h**2 + 8*h + 52. What is l(o)?
-4
Let f(r) = r**2 + 1. Let j(u) = -2*u**2 + 13*u + 46. Let o be j(9). Calculate f(o).
2
Suppose 256*w - 2 = 258*w. Let z(c) = -14*c**2 + 6*c + 6. Let l(b) = 14*b**2 - 5*b - 5. Let r(a) = -6*l(a) - 5*z(a). What is r(w)?
-14
Let o(j) = -j**3 + 10*j**2 - j + 1. Let s be o(10). Let h(a) = a**3 + 9*a**2 - a - 10. Let y be h(s). Let l(d) = -d. Give l(y).
1
Let q(c) = 10910*c**2 + c**3 + 0*c - c + 3 - 10907*c**2. Let s(r) = -r - 1. Let w be s(-4). Suppose -w*a - 7 - 5 = 0. Calculate q(a).
-9
Let l be ((-1)/(-2))/((-3)/(-66)). Let h = -7 + l. Let i(d) be the second derivative of d**3/6 - 3*d**2 + 10*d + 2. What is i(h)?
-2
Let t = 117 + -115. Let y(q) = 10 - t*q + 4*q**2 + 1 - 12. What is y(-1)?
5
Let y(o) = -16*o + 1. Let m be (2/7)/(22/(-7) - -3). Determine y(m).
33
Suppose -36 = -3606*u + 3612*u. Let a(y) = -2*y - 12. Calculate a(u).
0
Suppose 0 = -5*b + 3*v - 23, 0*v + 1 = v. Suppose 0 = -o + 3 + 2. Let k(s) = -4*s + 8 - o - s**2 - s**2. Determine k(b).
-13
Let m(s) = -2*s - 5. Let k(j) = -11*j - 45. Let q(n) = -k(n) + 6*m(n). What is q(6)?
9
Let d be (4/7)/(6 + 264/(-42)). Let p(x) = 5*x**2 + 9*x + 7. Give p(d).
9
Let y(z) = -z**3 - z**2 + 15*z - 17. Let f be y(2). Let p(q) = -7*q + 5. What is p(f)?
-2
Let b = -10 + 17. Let n(t) = -t**2 + 7*t + 13. Let f be n(b). Let d(x) = -6*x**2 - 6*x**2 + f*x**2. Determine d(-2).
4
Let i(d) = d**3 - 14*d**2 - 11*d - 12. Let c(n) = 2*n**3 - 27*n**2 - 20*n - 25. Let z(t) = -6*c(t) + 11*i(t). Determine z(8).
10
Let o(s) = -2*s**2 + 43*s - 20. Let m be o(21). Let k = -7 + 8. Let d(i) = 2 - 2 + k - 17*i. Determine d(m).
-16
Let a(l) = -8*l + 11. Let p be -1 - ((-171)/9 - -11). Calculate a(p).
-45
Let z(y) = y - 1. Let t be z(4). Let f be (228/16)/(t/(-12)). Let i be (-2)/7 + f/21. Let r(m) = m**2 + 4*m + 3. Calculate r(i).
0
Let a(g) be the third derivative of g**5/60 + 11*g**4/24 + 5*g**3/6 + 4*g**2. Let z(i) = -i**2 - 11*i - 5. Let j(u) = 6*a(u) + 5*z(u). Determine j(-10).
-5
Let k(i) be the third derivative of -1/120*i**6 + 0*i**4 - 5/6*i**3 + 0*i + 0 - 16*i**2 - 1/10*i**5. Give k(-6).
-5
Suppose o = 6*o + 50. Let s(b) be the first derivative of -b**4/4 - 10*b**3/3 + b**2/2 + 2*b + 108. Determine s(o).
-8
Let q be (4/6)/(2/(-6)). Let f be (1 - 2 - -1)/q. Let l(o) be the third derivative of -o**5/60 + o**3/3 + 17*o**2. Give l(f).
2
Let p(c) = -c**2 - 3*c + 10. Let j be 5*15/125*5*-2. Calculate p(j).
-8
Let g(c) = 3*c**2 - 4*c. Suppose 12 = 7*w - 16. Determine g(w).
32
Suppose 4*l + 0*l = 8. Let d(h) = 5*h**2 + 6*h + 0*h**l - 4*h**2 - 2. What is d(-6)?
-2
Let a = 16 + -20. Let u be 1/((a/8)/1). Let q(d) = 7*d + 1. Let x(n) = n. Let s(l) = -q(l) + 4*x(l). Give s(u).
5
Let x(w) = w**3 - 2*w**2 + w - 2. Let u = -380 + 382. Calculate x(u).
0
Suppose -15*h + 11*h = -2*m + 12, -15 = -2*m + 5*h. Let s(i) = -i**3 - i**2 + 2. Give s(m).
2
Suppose 0 = -3*l - 4*k - 21, -4*l - 2*k = 25 + 13. Suppose -6*d - 25 = -97. Let o = l + d. Let w(a) = 8*a. Determine w(o).
8
Let q(s) = s + 11. Suppose -4*f - 2*k - 3*k = 45, k + 21 = -2*f. Calculate q(f).
1
Let w be (24/21)/(12/42). Let k(s) = s - 1. Let r(z) = z - 2. Let f(m) = 3*k(m) - r(m). Determine f(w).
7
Let l(j) = j**3 - 2*j - 1. Let p be (-4 + 2)/(-20 - -22). Calculate l(p).
0
Suppose 15*h = 10*h - 4*i + 33, -3*h + 4*i = -39. Let v(w) = -w**3 + 9*w**2 + w - 10. Determine v(h).
-1
Suppose 3 - 9 = -2*k. Let y(n) be the second derivative of n**5/24 - n**4/8 + 5*n**3/3 + 8*n. Let b(s) be the second derivative of y(s). Determine b(k).
12
Let g(f) = -1121 - 3*f - f + 1122. What is g(3)?
-11
Let w(p) be the first derivat